{"id":390,"date":"2022-09-06T12:17:29","date_gmt":"2022-09-06T09:17:29","guid":{"rendered":"https:\/\/wp.gumush.com.tr\/?page_id=390"},"modified":"2022-09-08T10:45:24","modified_gmt":"2022-09-08T07:45:24","slug":"egitim","status":"publish","type":"page","link":"https:\/\/www.simmeca.com\/?page_id=390","title":{"rendered":"E\u011fitim"},"content":{"rendered":"\n<p>Standart e\u011fitim kursu, grafiksel kullan\u0131c\u0131 aray\u00fcz\u00fc (GUI) ve konsol kullan\u0131larak problem tan\u0131mlama uygulamalar\u0131yla birlikte, \u00e7\u00f6z\u00fcmlerin \u00f6n ve son i\u015flemesi i\u00e7in gerekli ara\u00e7lar \u00fczerinde durularak, programa iki g\u00fcnl\u00fck tam bir genel bak\u0131\u015f i\u00e7erir. Sunumlar ve etkile\u015fimli \u00f6\u011freticiler arac\u0131l\u0131\u011f\u0131yla bu kurs, \u00e7e\u015fitli CFD problem t\u00fcrleri i\u00e7in en s\u0131k kullan\u0131lan komutlar\u0131 da kapsar. Uygulamal\u0131 deneyim, ICFD++&#8217;dan olabildi\u011fince \u00e7abuk yararlanmaya odaklan\u0131r. Bu kurs, ICFD++ kullan\u0131m\u0131yla ilgili daha \u00f6nce herhangi bir deneyim olmad\u0131\u011f\u0131n\u0131 varsayar ve t\u00fcm deneyim seviyeleri i\u00e7in uygundur. Simmeca ara\u015ft\u0131rma personeli, say\u0131sal algoritmalar, fizik modelleme ve t\u00fcrb\u00fclans modelleme dahil olmak \u00fczere bir\u00e7ok bilimsel ve m\u00fchendislik disiplininde olduk\u00e7a e\u011fitimlidir. \u015eirket a\u015fa\u011f\u0131daki alanlarda e\u011fitim hizmetleri sunmaktad\u0131r:<\/p>\n\n\n\n<ul class=\"wp-block-list\"><li>T\u00fcrb\u00fclans modelleme ve CFD&#8217;ye entegrasyonu<\/li><li>N\u00fcmerik algoritmalar ve uygulamalar\u0131<\/li><li>S\u0131k\u0131\u015ft\u0131r\u0131labilir ve s\u0131k\u0131\u015ft\u0131r\u0131lamaz Navier-Stokes denklemleri i\u00e7in n\u00fcmerik y\u00f6ntemler<\/li><\/ul>\n\n\n\n<p>Bu e\u011fitimleri a\u015fa\u011f\u0131daki yaz\u0131l\u0131m paketlerimizi kullanarak ger\u00e7ekle\u015ftiriyoruz:<\/p>\n\n\n\n<ul class=\"wp-block-list\"><li>Hesaplamal\u0131 Ak\u0131\u015fkanlar Dinami\u011fi Yaz\u0131l\u0131m Paketi ICFD++<\/li><li>Hesaplamal\u0131 Aeroakustik Yaz\u0131l\u0131m Paketi ICAA++<\/li><li>Hesaplamal\u0131 Yap\u0131sal Mekanik Yaz\u0131l\u0131m Paketi ICSM++<\/li><li>\u00c7ok Ama\u00e7l\u0131 Ak\u0131ll\u0131 A\u011f Olu\u015fturma Ortam\u0131 IMIME<\/li><li>Ak\u0131\u015fkan &#8211; Yap\u0131 Etkile\u015fim yaz\u0131l\u0131m\u0131 MetaFSI<\/li><\/ul>\n\n\n\n<h3 class=\"wp-block-heading\">E\u011fitim Paketleri<\/h3>\n\n\n\n<figure class=\"wp-block-table aligncenter is-style-regular\"><table class=\"has-pale-ocean-gradient-background has-background has-fixed-layout\"><thead><tr><th><strong>CFD++\u2019a Giri\u015f<\/strong><\/th><th><strong>\u0130leri T\u00fcrb\u00fclans Modelleme<\/strong><\/th><th><strong>\u0130leri Yanma Modelleme<\/strong><\/th><th><strong>Aeroakustik<\/strong><\/th><th><strong>IMIME ile A\u011f Olu\u015fturma<\/strong><\/th><\/tr><\/thead><tbody><tr><td><em>2 g\u00fcn<\/em><\/td><td><em>1 g\u00fcn<\/em><\/td><td><em>1 g\u00fcn<\/em><\/td><td><em>1 g\u00fcn<\/em><\/td><td><em>1 g\u00fcn<\/em><\/td><\/tr><tr><td>Ak\u0131\u015f\u0131 y\u00f6neten denklemler<\/td><td>ICFD++\u2019ta ileri t\u00fcrb\u00fclans modelleri ve uygulamalar\u0131<\/td><td>ICFD++\u2019ta ileri yanma modellemesi ve uygulamalar\u0131<\/td><td>Ak\u0131\u015f\u0131 y\u00f6neten denklemler<\/td><td>Geometri aray\u00fczleri<\/td><\/tr><tr><td>ICFD++\u2019ta veri organizasyonu<\/td><td><\/td><td><\/td><td>ICAA++ kullan\u0131c\u0131 aray\u00fcz\u00fc<\/td><td>Y\u00fczeysel a\u011f olu\u015fturma<\/td><\/tr><tr><td>ICFD++ girdi ve \u00e7\u0131kt\u0131 dosyalar\u0131<\/td><td><\/td><td><\/td><td>\u00d6rnek problem \u00e7\u00f6z\u00fcmleri<\/td><td>Hacimsel a\u011f olu\u015fturma<\/td><\/tr><tr><td>S\u0131n\u0131r ko\u015fullar\u0131<\/td><td><\/td><td><\/td><td><\/td><td>A\u011f boyut kontrol\u00fc<\/td><\/tr><tr><td>Ba\u015flang\u0131\u00e7 ko\u015fullar\u0131<\/td><td><\/td><td><\/td><td><\/td><td><\/td><\/tr><tr><td>T\u00fcrb\u00fclans modelleri<\/td><td><\/td><td><\/td><td><\/td><td><\/td><\/tr><tr><td>\u00c7ok t\u00fcrl\u00fc ve tepkimeli ak\u0131\u015flar<\/td><td><\/td><td><\/td><td><\/td><td><\/td><\/tr><tr><td>ICFD++ ara\u00e7lar\u0131<\/td><td><\/td><td><\/td><td><\/td><td><\/td><\/tr><tr><td>ICFD++ kullan\u0131c\u0131 aray\u00fcz\u00fc<\/td><td><\/td><td><\/td><td><\/td><td><\/td><\/tr><tr><td>\u00d6rnek problem \u00e7\u00f6z\u00fcmleri<\/td><td><\/td><td><\/td><td><\/td><td><\/td><\/tr><\/tbody><\/table><\/figure>\n","protected":false},"excerpt":{"rendered":"<p>Standart e\u011fitim kursu, grafiksel kullan\u0131c\u0131 aray\u00fcz\u00fc (GUI) ve konsol kullan\u0131larak problem tan\u0131mlama uygulamalar\u0131yla birlikte, \u00e7\u00f6z\u00fcmlerin \u00f6n ve son i\u015flemesi i\u00e7in gerekli ara\u00e7lar \u00fczerinde durularak, programa iki g\u00fcnl\u00fck tam bir genel bak\u0131\u015f i\u00e7erir. Sunumlar ve etkile\u015fimli \u00f6\u011freticiler arac\u0131l\u0131\u011f\u0131yla bu kurs, \u00e7e\u015fitli CFD problem t\u00fcrleri i\u00e7in en s\u0131k kullan\u0131lan komutlar\u0131 da kapsar. Uygulamal\u0131 deneyim, ICFD++&#8217;dan olabildi\u011fince \u00e7abuk&hellip;&nbsp;<a href=\"https:\/\/www.simmeca.com\/?page_id=390\" class=\"\" rel=\"bookmark\">Daha fazlas\u0131n\u0131 oku &raquo;<span class=\"screen-reader-text\">E\u011fitim<\/span><\/a><\/p>\n","protected":false},"author":1,"featured_media":397,"parent":0,"menu_order":0,"comment_status":"closed","ping_status":"closed","template":"","meta":{"inline_featured_image":false,"neve_meta_sidebar":"","neve_meta_container":"","neve_meta_enable_content_width":"","neve_meta_content_width":0,"neve_meta_title_alignment":"","neve_meta_author_avatar":"","neve_post_elements_order":"","neve_meta_disable_header":"","neve_meta_disable_footer":"","neve_meta_disable_title":"","_themeisle_gutenberg_block_has_review":false,"_ti_tpc_template_sync":false,"_ti_tpc_template_id":"","footnotes":""},"class_list":["post-390","page","type-page","status-publish","has-post-thumbnail","hentry"],"_links":{"self":[{"href":"https:\/\/www.simmeca.com\/index.php?rest_route=\/wp\/v2\/pages\/390","targetHints":{"allow":["GET"]}}],"collection":[{"href":"https:\/\/www.simmeca.com\/index.php?rest_route=\/wp\/v2\/pages"}],"about":[{"href":"https:\/\/www.simmeca.com\/index.php?rest_route=\/wp\/v2\/types\/page"}],"author":[{"embeddable":true,"href":"https:\/\/www.simmeca.com\/index.php?rest_route=\/wp\/v2\/users\/1"}],"replies":[{"embeddable":true,"href":"https:\/\/www.simmeca.com\/index.php?rest_route=%2Fwp%2Fv2%2Fcomments&post=390"}],"version-history":[{"count":4,"href":"https:\/\/www.simmeca.com\/index.php?rest_route=\/wp\/v2\/pages\/390\/revisions"}],"predecessor-version":[{"id":396,"href":"https:\/\/www.simmeca.com\/index.php?rest_route=\/wp\/v2\/pages\/390\/revisions\/396"}],"wp:featuredmedia":[{"embeddable":true,"href":"https:\/\/www.simmeca.com\/index.php?rest_route=\/wp\/v2\/media\/397"}],"wp:attachment":[{"href":"https:\/\/www.simmeca.com\/index.php?rest_route=%2Fwp%2Fv2%2Fmedia&parent=390"}],"curies":[{"name":"wp","href":"https:\/\/api.w.org\/{rel}","templated":true}]}}